r?
True
Is 21967354979 a prime number?
True
Is 65866880297 prime?
True
Is 223539838 a prime number?
False
Is 23486825939 a prime number?
True
Is 31267587341 a composite number?
True
Is 448979863 prime?
True
Is 3551211673 prime?
True
Is 85077522133 a composite number?
True
Is 2966488709 prime?
True
Is 6296094983 prime?
True
Is 4022008339 a composite number?
True
Is 969168881 composite?
False
Is 918171089 a prime number?
False
Is 30964719607 composite?
True
Is 74388091697 a composite number?
False
Is 1953715303 prime?
True
Is 72536171377 a composite number?
False
Is 2867190329 composite?
False
Is 11204485379 a composite number?
True
Is 18119301623 prime?
False
Is 88370353289 a prime number?
True
Is 30962783837 composite?
True
Is 30216294467 composite?
True
Is 1445944319 a prime number?
True
Is 82282457 a composite number?
True
Is 19611974127 prime?
False
Is 173795081 a composite number?
True
Is 935825971 a prime number?
False
Is 32984410189 composite?
True
Is 60144378961 composite?
True
Is 17966473741 a composite number?
True
Is 350298745 composite?
True
Is 138494509 prime?
True
Is 48174309823 a prime number?
False
Is 15649487923 composite?
True
Is 142704044349 prime?
False
Is 125272855 composite?
True
Is 16919098631 a prime number?
True
Is 11565895763 composite?
True
Is 4019526029 composite?
True
Is 2992009157 a composite number?
True
Is 180496701127 a composite number?
False
Is 15181699882 composite?
True
Is 5780036159 prime?
False
Is 12233054819 a composite number?
True
Is 1746870701 a prime number?
True
Is 15001445479 a composite number?
False
Is 73033010821 prime?
False
Is 6186919801 prime?
False
Is 281617218895 composite?
True
Is 14394079853 a composite number?
False
Is 463100249 prime?
False
Is 1043274187 prime?
False
Is 6724635299 composite?
False
Is 4215373766 prime?
False
Is 23418484091 composite?
False
Is 1804749473 composite?
False
Is 573186707 prime?
True
Is 716385167 composite?
True
Is 13224436309 a composite number?
True
Is 11560579557 a composite number?
True
Is 2058843467 a composite number?
False
Is 82024239259 a composite number?
True
Is 77666569 a prime number?
True
Is 28769669557 a prime number?
False
Is 4637421787 prime?
False
Is 127433104259 a prime number?
False
Is 296248331 prime?
False
Is 15763977791 composite?
False
Is 19133253869 prime?
False
Is 2296140799 composite?
True
Is 72720889 composite?
True
Is 285379877 a composite number?
True
Is 81575885581 a prime number?
False
Is 469094441 a prime number?
False
Is 14260062227 composite?
True
Is 76857797 composite?
False
Is 3349878017 a composite number?
True
Is 583602821 composite?
False
Is 626058661 prime?
False
Is 4040184607 prime?
False
Is 21946573471 composite?
False
Is 8930843 prime?
False
Is 6695521429 composite?
True
Is 715594117 composite?
True
Is 73420861 a prime number?
True
Is 295824449883 a prime number?
False
Is 46374306779 a composite number?
False
Is 4255611823 composite?
True
Is 408057481 composite?
True
Is 20524274041 prime?
True
Is 82322130887 composite?
True
Is 16547422457 a composite number?
False
Is 608448059 composite?
False
Is 2074221341 prime?
True
Is 49783500867 a composite number?
True
Is 2044428371 a prime number?
True
Is 3381200041 a prime number?
False
Is 6164742021 a prime number?
False
Is 42310395343 prime?
True
Is 120590011 a composite number?
True
Is 2227478017 prime?
False
Is 75586426343 prime?
True
Is 89279437469 a prime number?
True
Is 23590178659 composite?
True
Is 141011301 a prime number?
False
Is 349746451 a prime number?
True
Is 337082707 prime?
False
Is 7763327137 prime?
True
Is 363460627 composite?
False
Is 5024780767 composite?
True
Is 88452757 composite?
True
Is 750172201 composite?
False
Is 1995526021 composite?
True
Is 623977823 composite?
True
Is 176764403 a prime number?
True
Is 18372510553 a prime number?
False
Is 194675532223 a prime number?
False
Is 89260126321 a composite number?
False
Is 20268842459 a prime number?
True
Is 427771369 a prime number?
False
Is 11809192091 composite?
True
Is 484512389 a composite number?
True
Is 777786943 composite?
False
Is 2617571371 a composite number?
False
Is 4555828397 a composite number?
False
Is 319531249 a composite number?
True
Is 333390611 prime?
False
Is 4524908803 a composite number?
False
Is 159465301 prime?
False
Is 56125577383 composite?
True
Is 3062201321 a composite number?
True
Is 297569801 a composite number?
False
Is 13447993067 prime?
False
Is 309589568509 prime?
False
Is 55570157 composite?
False
Is 13418306339 a composite number?
True
Is 13099284943 prime?
False
Is 41344775039 a prime number?
True
Is 53569508921 composite?
False
Is 62455497673 composite?
True
Is 7165590587 a prime number?
True
Is 14802026249 composite?
False
Is 21573379393 a composite number?
True
Is 2193376937 prime?
False
Is 594355381 a composite number?
False
Is 62488188281 composite?
True
Is 1011729373 a prime number?
True
Is 6823622191 a prime number?
True
Is 256040401 composite?
False
Is 7303911599 composite?
False
Is 12089463641 a prime number?
True
Is 1142460997 composite?
False
Is 116191793 prime?
False
Is 16418526337 a composite number?
False
Is 7296328411 prime?
False
Is 41368765871 prime?
True
Is 646499393 prime?
True
Is 3247914841 a composite number?
False
Is 7413275503 a prime number?
False
Is 601599643 prime?
False
Is 54900152837 a composite number?
True
Is 1861072621 a prime number?
True
Is 9464869829 a composite number?
False
Is 2160347401 prime?
False
Is 4979940871 a prime number?
False
Is 735882131 composite?
False
Is 13114003559 a prime number?
False
Is 216653527723 composite?
False
Is 1618494349 a prime number?
True
Is 12054538577 a prime number?
False
Is 1152464891 prime?
True
Is 7705085347 prime?
False
Is 21571291045 prime?
False
Is 14747734049 a prime number?
False
Is 2407309413 a prime number?
False
Is 19187479033 prime?
True
Is 14709040609 prime?
True
Is 3058951 a prime number?
False
Is 2069647817 a composite number?
False
Is 176946156061 prime?
True
Is 2400024511 a composite number?
True
Is 2383164437 a composite number?
True
Is 1673468137 a prime number?
False
Is 70452799 a prime number?
False
Is 6176945521 prime?
True
Is 47537921471 a composite number?
False
Is 2815809251 prime?
True
Is 1117003969 prime?
False
Is 41700822587 a composite number?
False
Is 200195861513 a composite number?
False
Is 20715395213 a composite number?
False
Is 457056517 a composite number?
False
Is 195874297 composite?
True
Is 7362232013 prime?
True
Is 19832997511 a composite number?
False
Is 41165733107 composite?
False
Is 1154451037 a prime number?
True
Is 251873983 a prime number?
False
Is 630417727 prime?
False
Is 139904469643 composite?
False
Is 13955545349 a composite number?
True
Is 9242279531 a prime number?
False
Is 12917138131 a prime number?
True
Is 501205017 composite?
True
Is 1019060869 composite?
True
Is 5803747333 a composite number?
True
Is 698806687 composite?
True
Is 23001539129 composite?
False
Is 142360279147 composite?
True
Is 97149959 a prime number?
False
Is 35042440913 prime?
True
Is 3393967969 composite?
True
Is 8584643159 a prime number?
True
Is 9892896841 prime?
True
Is 1631122021 prime?
False
Is 2860256566 a composite number?
True
Is 23712995851 composite?
False
Is 1730777549 composite?
False
Is 787163887 composite?
True
Is 12452232943 prime?
True
Is 24582585367 prime?
False
Is 35969805617 composite?
False
Is 449167027 a prime number?
False
Is 7692720199 a composite number?
False
Is 1111281191 a prime number?
True
Is 2587955801 prime?
True
Is 5869329533 prime?
False
Is 789309721 a composite number?
False
Is 4015493693 composite?
True
Is 4828499693 a prime number?
True
Is 16140424687 composite?
True
Is 43393353439 a composite number?
False
Is 1262526203 a prime number?
True
Is 26500736707 a composite number?
True
Is 87201893 prime?
False
Is 2205316423 a prime number?
True
Is 916624759 composite?
False
Is 80306462267 composite?
False
Is 201752951 a composite number?
False
Is 315697798102 a composite number?
True
Is 5192460587 prime?
True
Is 37574553167 a prime number?
False
Is 4127244061 composite?
False
Is 17987044793 a prime number?
False
Is 10829380997 prime?
False
Is 127491840211 a prime number?
True
Is 1407637487 composite?
True
Is 2045034493 a prime number?
Fa